se 9
532736
-a7d0 (base 14) to base 5
-1411434
Convert 4a96943 (base 11) to base 2.
100001101101101000001101
Convert 833018 (base 11) to base 13.
37a348
-291219 (base 15) to base 13
-543561
-1009b7 (base 13) to base 9
-627544
What is -d767c (base 16) in base 5?
-211213200
-88733 (base 12) to base 4
-230020113
-2b33b1 (base 13) to base 14
-1d9a7d
What is 805850 (base 9) in base 2?
1110100011000111010
Convert 111021044 (base 5) to base 15.
98dee
What is -814759 (base 13) in base 15?
-3e681a
12422114 (base 5) to base 8
361021
2876026 (base 9) to base 16
1831bf
Convert 186716 (base 10) to base 13.
66caa
-42221 (base 11) to base 12
-2b703
-17901 (base 12) to base 9
-51731
What is 477129 (base 11) in base 16?
b89c0
What is 164076 (base 8) in base 3?
10000120000
Convert -7006652 (base 8) to base 3.
-10110101221211
Convert a8816 (base 12) to base 8.
662222
7858703 (base 9) to base 2
10000001001001000000110
-336119 (base 10) to base 16
-520f7
Convert 994266 (base 11) to base 7.
16326301
What is -214a4 (base 13) in base 7?
-340206
-4768a (base 16) to base 5
-33324430
-130240330 (base 6) to base 10
-2540286
Convert 1102314421 (base 5) to base 6.
123044255
What is 413183 (base 9) in base 7?
2040402
Convert -407253 (base 10) to base 4.
-1203123111
-4385737 (base 10) to base 14
-82242d
Convert -6347273 (base 8) to base 13.
-472aaa
What is 568620 (base 9) in base 8?
1231723
What is 199766 (base 11) in base 15?
608b3
20114013 (base 5) to base 12
78a78
What is -1500143 (base 7) in base 16?
-31424
What is -11202112002 (base 3) in base 14?
-26204
What is -43ba3 (base 13) in base 6?
-2344351
What is -465a5 (base 13) in base 14?
-34b1c
What is -5022313 (base 6) in base 5?
-30031141
Convert -22642 (base 12) to base 4.
-23030102
Convert -241342303 (base 6) to base 7.
-53466654
Convert -655161 (base 8) to base 5.
-24013021
13405b (base 16) to base 7
13503210
Convert 3307127 (base 9) to base 6.
102025211
Convert 35432326 (base 7) to base 9.
5806227
Convert 22122211011221 (base 3) to base 5.
2134233220
-3053146 (base 8) to base 2
-11000101011001100110
Convert 20773541 (base 9) to base 6.
554533101
Convert -44147213 (base 8) to base 6.
-535223243
Convert -75368 (base 11) to base 16.
-1ac0b
Convert -200222020212002 (base 3) to base 13.
-21203ba
Convert 101011011012 (base 3) to base 13.
6cc7a
What is 1613160 (base 8) in base 12?
1a4980
-2211846 (base 9) to base 6
-41252240
-27b5610 (base 12) to base 8
-36252054
Convert -54133121 (base 6) to base 2.
-110000110010011001001
Convert -33214 (base 7) to base 8.
-20225
Convert 101001101010110111000001 (base 2) to base 16.
a6adc1
Convert -15cad (base 16) to base 7.
-521144
Convert 30b4cc (base 14) to base 6.
55125552
What is 351425 (base 9) in base 6?
4304552
Convert -11101110000001101000000 (base 2) to base 10.
-7799616
-112112120210 (base 3) to base 16
-45df2
Convert 603264 (base 9) to base 5.
42403301
Convert 55d7 (base 15) to base 3.
220222011
What is 110110000110100110110 (base 2) in base 6?
101555354
What is 13bdd (base 14) in base 5?
3031444
Convert -1111100000110111111010 (base 2) to base 10.
-4066810
Convert -50a903 (base 11) to base 13.
-229107
What is 14549 (base 11) in base 15?
619d
Convert 101012121010 (base 3) to base 8.
610316
412423 (base 8) to base 7
1105602
What is 12004132032 (base 5) in base 4?
310122121322
-461067 (base 9) to base 8
-1033600
Convert a766 (base 13) to base 11.
16505
31210223 (base 5) to base 12
104836
What is 197280 (base 12) in base 14?
b9356
What is -1b2942 (base 14) in base 2?
-11101100010000011110
Convert 140ae (base 15) to base 5.
4024124
-324801 (base 9) to base 16
-2f52a
What is 22537855 (base 9) in base 2?
101001110001001110101101
Convert -12030213 (base 6) to base 9.
-634400
What is 32010202 (base 4) in base 9?
87047
4501a (base 12) to base 4
112113112
6788 (base 12) to base 6
125052
What is 111100100001101 (base 2) in base 4?
13210031
What is 1034554 (base 6) in base 12?
25a5a
What is -23c86 (base 14) in base 5?
-10300114
What is -20200302310 (base 4) in base 12?
-8b7444
4b0bc8 (base 14) to base 2
1001110100111101001100
-144077 (base 13) to base 7
-4126316
-361429 (base 11) to base 13
-170980
Convert -b2aa (base 14) to base 5.
-1440401
What is 2563390 (base 10) in base 5?
1124012030
Convert 707743 (base 8) to base 5.
24432233
15758 (base 15) to base 16
10e26
Convert 503495 (base 12) to base 8.
4611361
What is 4b4750 (base 14) in base 6?
131233322
What is -540320 (base 7) in base 2?
-10110111001101000
-8a711 (base 11) to base 6
-2451505
-1001102101222002 (base 3) to base 7
-242250323
What is 3c162 (base 13) in base 15?
23416
-2202112201 (base 3) to base 14
-15b39
10112020011211 (base 3) to base 12
764871
What is 3849970 (base 10) in base 5?
1441144340
What is 1766e (base 15) in base 4?
102132320
Convert 100010111111100001 (base 2) to base 3.
21021121111
What is -11120101330 (base 4) in base 3?
-2122122101121
Convert 110010000110100001 (base 2) to base 4.
302012201
-10747603 (base 9) to base 16
-4fc674
-62706 (base 10) to base 8
-172362
5946 (base 15) to base 7
106203
Convert 36710 (base 9) to base 8.
60071
Convert 128037 (base 12) to base 5.
34213141
Convert 325220430 (base 6) to base 14.
ac4070
-1055267 (base 8) to base 14
-75dd5
What is -a15036 (base 12) in base 8?
-11465352
-1028227 (base 14) to base 15
-a0a582
1201011010 (base 3) to base 16
836d
What is -738584 (base 9) in base 3?
-211022122211
Convert -5490c (base 15) to base 16.
-41976
What is -202120302 (base 4) in base 10?
-140850
20310311 (base 4) to base 11
25183
531957 (base 11) to base 8
3177314
14351054 (base 6) to base 16
793ea
What is 28279 (base 13) in base 2?
10010010110000000
What is -10010111000001100011111 (base 2) in base 10?
-4948767
Convert -1365a6 (base 12) to base 11.
-200129
What is 2245160 (base 7) in base 4?
1010130002
What is -12103033 (base 4) in base 3?
-1022101211
What is -2024026 (base 7) in base 8?
-727524
114332 (base 8) to base 7
222040
What is 1010001000100000 (base 2) in base 7?
232001
-2000002110 (base 5) to base 13
-a6a174
Convert -b24a05 (base 13) to base 6.
-224553232
3512401 (base 6) to base 4
230013301
-22043561 (base 8) to base 14
-8b43a9
What is 110011011101100000 (base 2) in base 16?
33760
Convert -3a9bb7 (base 12) to base 14.
-1b3ca7
Convert -3325 (base 8) to base 13.
-a47
Convert 254584 (base 12) to base 11.
386676
108928 (base 11) to base 12
84016
-31400320 (base 5) to base 7
-2142361
Convert -424431042 (base 5) to base 4.
-12312122330
Convert 63cecf (base 16) to base 10.
6541007
-474522 (base 9) to base 4
-1011230120
What is 24042123 (base 6) in base 2?
10110111101000100011
What is -1146a (base 12) in base 13?
-a6a8
-221684 (base 9) to base 11
-90615
Convert -92b740 (base 16) to base 13.
-1cb8664
4404c (base 14) to base 13
59c7b
Convert -4ac1 (base 15) to base 12.
-9277
353735 (base 8) to base 13
42ca1
What is 10101110100101101 (base 2) in base 13?
318c1
Convert -310004331 (base 5) to base 12.
-50387b
What is -100000110000011000110 (base 2) in base 14?
-1dd23c
Convert 1897a7 (base 13) to base 16.
9794a
b0ca (base 15) to base 13
13ca5
What is 4666720 (base 8) in base 15?
1a2416
2425370 (base 9) to base 5
314104101
Convert 530c9 (base 13) to base 7.
1162016
17444 (base 10) to base 4
10100210
What is -40723 (base 11) in base 4?
-32200230
What is 6b1e4a (base 15) in base 12?
186a974
-2144420 (base 6) to base 12
-52110
What is -22861 (base 9) in base 13?
-6c58
What is -4013434 (base 5) in base 8?
-174203
-343532212 (base 6) to base 9
-12835328
What is 8155340 (base 10) in base 16?
7c70cc
What is 355045144 (base 6) in base 2?
11001011110011001111000
Convert 14236630 (base 9) to base 3.
111021020201000
a4295 (base 14) to base 6
12251431
What is 481cd9 (base 16) in base 15?
635452
35312211 (base 6) to base 13
2c5b49
-113030230 (base 4) to base 6
-2011524
-8dbc5 (base 16) to base 11
-3671a2
Convert 154423402 (base 6) to base 8.
14456072
What is -2003313202 (base 4) in base 13?
-15bb06
-21012220102002 (base 3) to base 9
-7186362
-31181 (base 13) to base 12
-43022
-32331303 (base 4) to base 11
-42067
-22202100010 (base 3) to base 12
-83856
What is 141210 (base 5) in base 2?
1011010101101
What is -4678517 (base 9) in base 11?
-147a565
127506 (base 10) to base 2
11111001000010010
-1201404312 